se 3.
0
-331 (base 4) to base 15
-41
Convert -b67a (base 14) to base 15.
-94cd
-638d (base 16) to base 15
-7840
-5068 (base 11) to base 12
-3a89
Convert -3501 (base 7) to base 4.
-103323
-3223 (base 6) to base 4
-23133
eb2 (base 15) to base 14
12cd
243004 (base 5) to base 9
13463
56 (base 14) to base 6
204
-100c (base 14) to base 15
-c3b
-3101 (base 5) to base 11
-335
231032 (base 4) to base 15
cce
82 (base 13) to base 16
6a
Convert -1011110101011111 (base 2) to base 4.
-23311133
153024 (base 6) to base 13
6a39
Convert 1100110100110100 (base 2) to base 6.
1043112
What is 38c (base 14) in base 11?
598
What is 4375 (base 11) in base 7?
22551
What is ab5 (base 12) in base 11?
1204
Convert -203401 (base 5) to base 12.
-3a86
What is 350 (base 9) in base 15?
143
Convert 21221220 (base 3) to base 14.
2186
-414 (base 13) to base 16
-2b5
-4ad6 (base 14) to base 6
-140432
131402 (base 6) to base 14
4550
Convert -876 (base 14) to base 5.
-23142
What is 10100011 (base 3) in base 10?
2434
What is -148 (base 13) in base 4?
-3211
What is 2bce (base 15) in base 14?
360b
Convert 17d6 (base 16) to base 4.
1133112
What is 23210 (base 4) in base 11?
613
5840 (base 12) to base 4
2121300
What is -149d (base 14) in base 11?
-2834
11131 (base 6) to base 12
aa7
-9f8 (base 16) to base 12
-1588
b06 (base 13) to base 14
973
Convert 1140 (base 13) to base 2.
100101110010
What is -32 (base 5) in base 12?
-15
1a (base 13) to base 14
19
Convert -816 (base 9) to base 6.
-3023
-101202 (base 4) to base 13
-684
What is -2c3 (base 15) in base 4?
-21321
What is -1340 (base 5) in base 7?
-433
Convert 181 (base 15) to base 3.
110211
-107 (base 16) to base 14
-14b
-555 (base 7) to base 13
-18c
What is 1218 (base 14) in base 16?
c56
What is 1003 (base 4) in base 7?
124
Convert -10010110101011 (base 2) to base 6.
-112351
Convert 198 (base 12) to base 5.
2020
-10145 (base 8) to base 14
-175b
Convert -14 (base 13) to base 6.
-25
Convert -b845 (base 16) to base 14.
-13297
-1011011010101111 (base 2) to base 6
-1000303
What is 3859 (base 16) in base 8?
34131
Convert 110001100111 (base 2) to base 16.
c67
Convert -667 (base 13) to base 3.
-1111201
What is 32121 (base 6) in base 13?
1cb1
-72be (base 15) to base 4
-11322332
Convert b7 (base 13) to base 11.
127
Convert -7522 (base 14) to base 7.
-112642
What is dc (base 15) in base 3?
21200
Convert 1c93 (base 15) to base 9.
8463
Convert -3272 (base 13) to base 12.
-4092
-22022 (base 4) to base 15
-2d5
Convert -103001 (base 4) to base 16.
-4c1
-115226 (base 7) to base 10
-21041
Convert 1bb9 (base 14) to base 10.
5063
153 (base 13) to base 8
355
What is 31310330 (base 4) in base 2?
1101110100111100
Convert -304 (base 16) to base 13.
-475
e96 (base 16) to base 9
5108
What is 1110011011101 (base 2) in base 15?
22c9
What is 331 (base 7) in base 12?
121
3433 (base 12) to base 10
5799
5882 (base 14) to base 15
486c
What is -d66 (base 16) in base 3?
-11201001
-61 (base 16) to base 3
-10121
What is 3201132 (base 4) in base 14?
538a
What is 3708 (base 15) in base 8?
26674
Convert 110220311 (base 4) to base 7.
501311
What is 10101100110 (base 2) in base 16?
566
What is -1730a (base 13) in base 2?
-1010110110101001
Convert -1591a (base 11) to base 12.
-10b72
Convert -1530 (base 15) to base 16.
-11c1
-241321 (base 8) to base 16
-142d1
-610 (base 8) to base 13
-242
-7a6 (base 12) to base 3
-1120000
Convert 12202211 (base 3) to base 13.
1bb8
Convert 2107 (base 11) to base 13.
1368
-10000000 (base 2) to base 11
-107
What is 2a6 (base 12) in base 3?
120100
What is -281 (base 11) in base 5?
-2311
Convert 9a6 (base 15) to base 4.
202011
What is -20021 (base 3) in base 14?
-c1
-e1f (base 16) to base 10
-3615
-112101 (base 3) to base 11
-323
What is 226 (base 9) in base 4?
2322
Convert 401130 (base 5) to base 3.
122101002
d64 (base 16) to base 15
1038
What is 368 (base 11) in base 8?
665
What is 1422 (base 8) in base 4?
30102
Convert 4a24 (base 16) to base 14.
6cba
Convert -122022222 (base 3) to base 15.
-3b25
What is 645 (base 9) in base 3?
201112
What is -2041 (base 6) in base 9?
-557
Convert -124 (base 8) to base 11.
-77
What is 50350 (base 6) in base 7?
25203
34505 (base 6) to base 15
16e2
1001011111001 (base 2) to base 6
34253
-2020201 (base 3) to base 15
-744
Convert -303 (base 9) to base 7.
-501
-42111 (base 6) to base 4
-1120123
Convert 432 (base 11) to base 15.
249
What is -14453 (base 6) in base 10?
-2337
Convert 5c6 (base 14) to base 9.
1522
-15c3 (base 16) to base 7
-22146
What is -2451 (base 7) in base 14?
-498
What is 31221 (base 4) in base 14?
465
What is -79 (base 15) in base 13?
-8a
Convert 1333 (base 7) to base 5.
4024
Convert 1671 (base 9) to base 10.
1279
What is -1220221 (base 3) in base 7?
-4042
-322101 (base 4) to base 9
-5103
Convert -1b63 (base 12) to base 13.
-1707
-cb5 (base 14) to base 9
-3400
What is 244a (base 15) in base 4?
1320220
What is -102220 (base 3) in base 13?
-1b9
What is 244105 (base 6) in base 9?
32615
What is -36474 (base 9) in base 14?
-8ca4
Convert a7d6 (base 15) to base 9.
53653
What is 23010 (base 7) in base 3?
22000020
What is 11235 (base 7) in base 10?
2868
111010 (base 3) to base 10
354
Convert -b4 (base 12) to base 14.
-9a
Convert -57e (base 16) to base 2.
-10101111110
-b82 (base 14) to base 8
-4336
-5153 (base 14) to base 2
-11011010100101
1224 (base 9) to base 12
641
4759 (base 12) to base 15
2579
307 (base 10) to base 11
25a
What is 1534 (base 15) in base 13?
20bc
Convert 270b (base 16) to base 11.
7567
What is -153533 (base 7) in base 16?
-759e
10651 (base 8) to base 15
1516
Convert 225 (base 15) to base 9.
588
20273 (base 9) to base 8
32046
What is 142524 (base 6) in base 12?
7a44
What is -a5 (base 11) in base 6?
-311
-57 (base 15) to base 11
-75
Convert 231303 (base 4) to base 9.
4016
What is 731 (base 9) in base 4?
21103
What is 510 (base 8) in base 15?
16d
Convert 2838 (base 9) to base 5.
32031
What is -2063 (base 16) in base 15?
-26cb
Convert -3c9 (base 14) to base 5.
-11030
-620 (base 8) to base 15
-1ba
Convert 194 (base 14) to base 10.
326
-1440 (base 6) to base 7
-1056
What is 8233 (base 13) in base 14?
6788
7a3 (base 13) to base 14
6a0
100100110 (base 2) to base 4
10212
Convert -12022122 (base 3) to base 4.
-330212
What is -87490 (base 10) in base 8?
-252702
5415 (base 8) to base 5
42304
-8869 (base 13) to base 5
-1102030
What is 48456 (base 9) in base 3?
1122111220
Convert -1f42 (base 16) to base 7.
-32221
Convert c4d (base 16) to base 13.
1583
12021 (base 3) to base 14
a2
11304 (base 5) to base 3
1010201
-13413 (base 7) to base 10
-3636
Convert -10234 (base 5) to base 11.
-581
Convert 111100100010 (base 2) to base 4.
330202
Convert -22146 (base 7) to base 13.
-26c7
Convert 104552 (base 8) to base 16.
896a
What is 110111 (base 7) in base 6?
225105
3a18 (base 11) to base 14
1c90
What is 8336 (base 9) in base 4?
1133130
What is 890 (base 11) in base 10?
1067
What is 506 (base 8) in base 2?
101000110
-20201 (base 3) to base 15
-c1
What is -25704 (base 10) in base 2?
-110010001101000
What is 20b (base 14) in base 12?
297
Convert -12300023 (base 4) to base 3.
-1101221102
11f7 (base 16) to base 5
121344
What is 1002 (base 16) in base 2?
1000000000010
Convert -130322 (base 5) to base 12.
-2b3b
-18036 (base 9) to base 15
-3a36
-2c6 (base 15) to base 16
-27c
Convert -342 (base 11) to base 3.
-120011
Convert -2284 (base 13) to base 2.
-1001011101000
3858 (base 9) to base 3
10221222
What is -210 (base 4) in base 14?
-28
-576 (base 13) to base 8
-1656
Convert -17591 (base 11) to base 12.
-12333
What is 11221120 (base 3) in base 4?
320112
Convert -6bc (base 16) to base 9.
-2325
What is -162644 (base 7) in base 12?
-16795
Convert 50240 (base 6) to base 13.
2cbb
-301 (base 6) to base 14
-7b
Convert 5256 (base 9) to base 3.
12021220
1111110 (base 4) to base 9
7436
Convert 334 (base 13) to base 7.
1414
-20a62 (base 13) to base 11
-40279
What is 14a5 (base 11) in base 16?
78a
-7b76 (base 13) to base 15
-520a
Convert 1102232 (base 5) to base 14.
6d3d
-119a (base 11) to base 10
-1561
24023 (base 5) to base 13
a58
-13102030 (base 4) to base 10
-29836
-113 (base 13) to base 4
-2321
What is -1110110001101 (base 2) in base 11?
-5758
1c8e (base 16) to base 9
11022
-204 (base 5) to base 12
-46
-332551 (base 6) to base 15
-